test common factor of 1485 and 16632.
297
What is the highest common factor of 2128513 and 551?
551
Calculate the highest common divisor of 824 and 375538.
206
Calculate the highest common divisor of 182 and 366646.
14
What is the highest common divisor of 255 and 131121?
51
What is the highest common divisor of 3784 and 72?
8
What is the highest common factor of 231900 and 200?
100
What is the highest common divisor of 18 and 61?
1
What is the highest common divisor of 150191 and 29?
29
What is the greatest common factor of 164368 and 48?
16
Calculate the highest common divisor of 11 and 179993.
11
What is the highest common divisor of 1030 and 38419?
103
Calculate the greatest common factor of 352284 and 744.
372
What is the greatest common factor of 30672 and 994?
142
What is the highest common factor of 32988 and 1602?
6
What is the greatest common factor of 494 and 29982?
38
What is the highest common factor of 1990 and 490?
10
What is the highest common divisor of 100 and 91925?
25
Calculate the highest common factor of 9240 and 19320.
840
What is the highest common factor of 4255 and 2960?
185
What is the greatest common divisor of 50700 and 1625?
325
Calculate the highest common divisor of 8221 and 2.
1
Calculate the highest common divisor of 310241 and 199.
199
Calculate the highest common factor of 402729 and 3.
3
Calculate the highest common divisor of 280753 and 22.
11
What is the greatest common factor of 12709 and 11098?
179
Calculate the greatest common factor of 136392 and 6408.
24
Calculate the highest common divisor of 245 and 3871.
49
Calculate the highest common divisor of 21197 and 246.
41
Calculate the greatest common divisor of 45 and 4586220.
45
Calculate the highest common factor of 49270 and 650.
130
Calculate the greatest common factor of 936 and 109044.
468
Calculate the highest common factor of 6592 and 448.
64
What is the greatest common factor of 182 and 290871?
7
What is the highest common divisor of 770 and 1595?
55
What is the greatest common divisor of 2988 and 84?
12
Calculate the highest common factor of 172 and 41796.
172
Calculate the highest common divisor of 4986 and 989998.
554
What is the greatest common factor of 97016 and 112?
8
What is the greatest common factor of 138 and 267260?
46
Calculate the greatest common divisor of 60 and 62600.
20
Calculate the greatest common divisor of 1260820 and 44.
44
Calculate the greatest common factor of 66 and 105974.
22
What is the greatest common divisor of 46003 and 2864?
179
Calculate the highest common factor of 1116117 and 549.
549
Calculate the highest common divisor of 138416 and 211.
211
Calculate the highest common divisor of 407 and 122581.
37
What is the highest common factor of 864 and 9472?
32
What is the highest common factor of 195 and 6799?
13
Calculate the greatest common factor of 642985 and 35.
35
What is the highest common divisor of 292 and 468295?
73
Calculate the highest common divisor of 4671 and 324721.
173
Calculate the highest common divisor of 11247 and 3197.
23
Calculate the greatest common divisor of 240 and 147005.
5
Calculate the greatest common divisor of 18816 and 7.
7
What is the highest common divisor of 63 and 152649?
63
What is the greatest common divisor of 1415379 and 21?
21
Calculate the highest common divisor of 122332 and 224.
28
Calculate the highest common divisor of 414 and 2532.
6
What is the greatest common divisor of 16577 and 19043?
137
Calculate the highest common divisor of 215 and 1204.
43
Calculate the greatest common divisor of 2755 and 11305.
95
Calculate the highest common factor of 250740 and 4975.
995
Calculate the highest common divisor of 92 and 14024756.
92
Calculate the highest common factor of 228219 and 127.
127
Calculate the greatest common divisor of 3252246 and 138.
138
What is the highest common divisor of 627864 and 24?
24
Calculate the highest common divisor of 118700 and 820.
20
Calculate the highest common factor of 89252 and 424.
212
Calculate the highest common divisor of 45664 and 1504.
32
What is the highest common divisor of 124 and 152644?
124
What is the greatest common divisor of 189 and 1535409?
27
What is the highest common factor of 85104 and 12456?
72
Calculate the greatest common divisor of 40 and 693152.
8
What is the highest common factor of 265202 and 2394?
266
Calculate the greatest common factor of 952 and 6498352.
952
Calculate the highest common divisor of 9248 and 258400.
544
What is the greatest common divisor of 4264 and 650?
26
What is the greatest common divisor of 790344 and 36?
36
Calculate the greatest common factor of 779 and 2635357.
779
What is the highest common factor of 345149 and 7?
7
Calculate the greatest common divisor of 2000 and 2768.
16
What is the highest common divisor of 3372107 and 1594?
797
What is the greatest common divisor of 15542 and 35174?
818
What is the greatest common divisor of 1244 and 411142?
622
Calculate the highest common factor of 2097 and 396.
9
What is the greatest common divisor of 172 and 21586?
86
Calculate the highest common divisor of 110 and 308495.
55
What is the highest common divisor of 176 and 19679?
11
What is the highest common divisor of 7370 and 305?
5
Calculate the greatest common divisor of 40968 and 384.
24
What is the greatest common factor of 339 and 55370?
113
Calculate the greatest common factor of 1376 and 288.
32
What is the greatest common divisor of 487126 and 5134?
302
What is the greatest common divisor of 253 and 575?
23
Calculate the highest common factor of 578295 and 315.
45
What is the highest common divisor of 264 and 101277?
33
Calculate the greatest common factor of 101878 and 1330.
266
Calculate the highest common factor of 711079 and 158.
79
Calculate the highest common divisor of 2560 and 240320.
320
Calculate the highest common factor of 513 and 1260360.
27
What is the greatest common factor of 466317 and 202?
101
What is the highest common factor of 970 and 4015315?
485
Calculate the highest common factor of 53 and 6784901.
53
Calculate the highest common factor of 60 and 24135.
15
Calculate the greatest common factor of 4680 and 173880.
360
Calculate the greatest common divisor of 99 and 27203.
11
What is the highest common divisor of 18116 and 140?
28
What is the greatest common divisor of 6 and 1648?
2
What is the highest common divisor of 228 and 195054?
114
What is the greatest common divisor of 972 and 20844?
108
Calculate the greatest common divisor of 234002 and 621.
23
What is the highest common divisor of 1597912 and 8?
8
Calculate the highest common factor of 349758 and 27.
27
Calculate the highest common factor of 27415 and 115.
5
Calculate the greatest common factor of 3926 and 17818.
302
Calculate the highest common factor of 69 and 20643.
3
Calculate the greatest common divisor of 2924 and 19924.
68
Calculate the greatest common factor of 85774 and 130.
26
Calculate the highest common divisor of 4594 and 2.
2
Calculate the highest common divisor of 1123556 and 140.
28
Calculate the highest common divisor of 40082 and 539.
49
What is the highest common factor of 91 and 22529?
13
Calculate the highest common factor of 220 and 6743.
11
Calculate the greatest common divisor of 15317306 and 646.
646
Calculate the highest common divisor of 252 and 1176399.
63
What is the highest common divisor of 2334 and 232622?
778
Calculate the highest common factor of 177061 and 19.
19
Calculate the highest common divisor of 18 and 28554.
6
Calculate the greatest common divisor of 26628 and 1232.
28
What is the highest common factor of 516311 and 1563?
521
What is the highest common divisor of 2862 and 780849?
477
Calculate the greatest common factor of 55173 and 244635.
1041
What is the highest common divisor of 44590 and 130?
130
What is the highest common factor of 103 and 191683?
103
Calculate the highest common divisor of 258005 and 55.
55
What is the highest common divisor of 116597 and 13?
13
Calculate the greatest common factor of 3694245 and 1.
1
Calculate the greatest common factor of 3033 and 81.
9
Calculate the greatest common divisor of 4240 and 2021155.
265
What is the highest common factor of 7904 and 107692?
988
Calculate the greatest common divisor of 432 and 2484.
108
W